{"id":304,"date":"2024-09-15T23:54:51","date_gmt":"2024-09-15T21:54:51","guid":{"rendered":"https:\/\/sprzedaj-auto.com.pl\/?page_id=304"},"modified":"2024-09-16T00:01:21","modified_gmt":"2024-09-15T22:01:21","slug":"polityka-prywatnosci-2","status":"publish","type":"page","link":"https:\/\/sprzedaj-auto.com.pl\/?page_id=304","title":{"rendered":"Polityka prywatno\u015bci"},"content":{"rendered":"\t\t<div data-elementor-type=\"wp-page\" data-elementor-id=\"304\" class=\"elementor elementor-304\" data-elementor-post-type=\"page\">\n\t\t\t\t<div class=\"elementor-element elementor-element-5f2476f e-flex e-con-boxed e-con e-parent\" data-id=\"5f2476f\" data-element_type=\"container\" data-settings=\"{&quot;_ha_eqh_enable&quot;:false}\">\n\t\t\t\t\t<div class=\"e-con-inner\">\n\t\t\t\t<div class=\"elementor-element elementor-element-51dbe65 elementor-widget elementor-widget-text-editor\" data-id=\"51dbe65\" data-element_type=\"widget\" data-widget_type=\"text-editor.default\">\n\t\t\t\t<div class=\"elementor-widget-container\">\n\t\t\t<style>\/*! elementor - v3.22.0 - 26-06-2024 *\/\n.elementor-widget-text-editor.elementor-drop-cap-view-stacked .elementor-drop-cap{background-color:#69727d;color:#fff}.elementor-widget-text-editor.elementor-drop-cap-view-framed .elementor-drop-cap{color:#69727d;border:3px solid;background-color:transparent}.elementor-widget-text-editor:not(.elementor-drop-cap-view-default) .elementor-drop-cap{margin-top:8px}.elementor-widget-text-editor:not(.elementor-drop-cap-view-default) .elementor-drop-cap-letter{width:1em;height:1em}.elementor-widget-text-editor .elementor-drop-cap{float:left;text-align:center;line-height:1;font-size:50px}.elementor-widget-text-editor .elementor-drop-cap-letter{display:inline-block}<\/style>\t\t\t\t<p><b>I. Informacje og\u00f3lne<\/b><br \/>1. Serwis sprzedaj-auto.com.pl realizuje funkcje pozyskiwania informacji o u\u017cytkownikach i ich zachowaniu w nast\u0119puj\u0105cy spos\u00f3b:<br \/>a. Poprzez dobrowolnie wprowadzone w formularzach informacje.<br \/>b. Poprzez zapisywanie w urz\u0105dzeniach ko\u0144cowych pliki cookie (tzw. \u201eciasteczka\u201d).<br \/>c. Poprzez gromadzenie log\u00f3w serwera www przez operatora hostingowego<br \/><br \/><b>II. Informacje w formularzach.<br \/><\/b>1. Serwis zbiera informacje podane dobrowolnie przez u\u017cytkownika.<br \/>2. Serwis mo\u017ce zapisa\u0107 ponadto informacje o parametrach po\u0142\u0105czenia (oznaczenie czasu, adres IP)<br \/>3. Dane w formularzu nie s\u0105 udost\u0119pniane podmiotom trzecim inaczej, ni\u017c za zgod\u0105 u\u017cytkownika.<br \/>4. Dane podane w formularzu mog\u0105 stanowi\u0107 zbi\u00f3r potencjalnych klient\u00f3w, zarejestrowany przez Operatora Serwisu w rejestrze prowadzonym przez Generalnego Inspektora Ochrony Danych Osobowych.<br \/>5. Dane podane w formularzu s\u0105 przetwarzane w celu wynikaj\u0105cym z funkcji formularza, np w celu kontaktu handlowego.<br \/><br \/><b>III. Informacja o plikach cookies.<br \/><\/b>1. Serwis korzysta z plik\u00f3w cookies.<br \/>2. Pliki cookies (tzw. \u201eciasteczka\u201d) stanowi\u0105 dane informatyczne, w szczeg\u00f3lno\u015bci pliki tekstowe, kt\u00f3re przechowywane s\u0105 w urz\u0105dzeniu ko\u0144cowym U\u017cytkownika Serwisu i przeznaczone s\u0105 do korzystania ze stron internetowych Serwisu. Cookies zazwyczaj zawieraj\u0105 nazw\u0119 strony internetowej, z kt\u00f3rej pochodz\u0105, czas przechowywania ich na urz\u0105dzeniu ko\u0144cowym oraz unikalny numer.<br \/>3. Podmiotem zamieszczaj\u0105cym na urz\u0105dzeniu ko\u0144cowym U\u017cytkownika Serwisu pliki cookies oraz uzyskuj\u0105cym do nich dost\u0119p jest operator Serwisu.<br \/>4. Pliki cookies wykorzystywane s\u0105 w nast\u0119puj\u0105cych celach:<br \/>a. tworzenia statystyk, kt\u00f3re pomagaj\u0105 zrozumie\u0107, w jaki spos\u00f3b U\u017cytkownicy Serwisu korzystaj\u0105 ze stron internetowych, co umo\u017cliwia ulepszanie ich struktury i zawarto\u015bci;<br \/>b. okre\u015blania profilu u\u017cytkownika w celu wy\u015bwietlania mu dopasowanych materia\u0142\u00f3w w sieciach reklamowych, w szczeg\u00f3lno\u015bci sieci Google.<br \/>5. W ramach Serwisu stosowane s\u0105 dwa zasadnicze rodzaje plik\u00f3w cookies: \u201esesyjne\u201d (session cookies) oraz \u201esta\u0142e\u201d (persistent cookies). Cookies \u201esesyjne\u201d s\u0105 plikami tymczasowymi, kt\u00f3re przechowywane s\u0105 w urz\u0105dzeniu ko\u0144cowym U\u017cytkownika do czasu wylogowania, opuszczenia strony<br \/>internetowej lub wy\u0142\u0105czenia oprogramowania (przegl\u0105darki internetowej). \u201eSta\u0142e\u201d pliki cookies przechowywane s\u0105 w urz\u0105dzeniu ko\u0144cowym U\u017cytkownika przez czas okre\u015blony w parametrach plik\u00f3w cookies lub do czasu ich usuni\u0119cia przez U\u017cytkownika.<br \/>6. Oprogramowanie do przegl\u0105dania stron internetowych (przegl\u0105darka internetowa) zazwyczaj domy\u015blnie dopuszcza przechowywanie plik\u00f3w cookies w urz\u0105dzeniu ko\u0144cowym U\u017cytkownika. U\u017cytkownicy Serwisu mog\u0105 dokona\u0107 zmiany ustawie\u0144 w tym zakresie. Przegl\u0105darka internetowa umo\u017cliwia usuni\u0119cie plik\u00f3w cookies. Mo\u017cliwe jest tak\u017ce automatyczne blokowanie plik\u00f3w cookies Szczeg\u00f3\u0142owe informacje na ten temat zawiera pomoc lub dokumentacja przegl\u0105darki internetowej.<br \/>7. Ograniczenia stosowania plik\u00f3w cookies mog\u0105 wp\u0142yn\u0105\u0107 na niekt\u00f3re funkcjonalno\u015bci dost\u0119pne na stronach internetowych Serwisu.<br \/>8. Pliki cookies zamieszczane w urz\u0105dzeniu ko\u0144cowym U\u017cytkownika Serwisu i wykorzystywane mog\u0105 by\u0107 r\u00f3wnie\u017c przez wsp\u00f3\u0142pracuj\u0105cych z operatorem Serwisu reklamodawc\u00f3w oraz partner\u00f3w.<br \/>9. Zalecamy przeczytanie polityki ochrony prywatno\u015bci tych firm, aby pozna\u0107 zasady korzystania z plik\u00f3w cookie wykorzystywane w statystykach: Polityka ochrony prywatno\u015bci Google Analytics<br \/>10. Pliki cookie mog\u0105 by\u0107 wykorzystane przez sieci reklamowe, w szczeg\u00f3lno\u015bci sie\u0107 Google, do wy\u015bwietlenia reklam dopasowanych do sposobu, w jaki u\u017cytkownik korzysta z Serwisu. W tym celu mog\u0105 zachowa\u0107 informacj\u0119 o \u015bcie\u017cce nawigacji u\u017cytkownika lub czasie pozostawania na danej stronie.<br \/>11. W zakresie informacji o preferencjach u\u017cytkownika gromadzonych przez sie\u0107 reklamow\u0105 Google u\u017cytkownik mo\u017ce przegl\u0105da\u0107 i edytowa\u0107 informacje wynikaj\u0105ce z plik\u00f3w cookies przy pomocy narz\u0119dzia: https:\/\/www.google.com\/ads\/preferences\/<br \/><br \/><b>IV. Logi serwera.<br \/><\/b>1. Informacje o niekt\u00f3rych zachowaniach u\u017cytkownik\u00f3w podlegaj\u0105 logowaniu w warstwie serwerowej. Dane te s\u0105 wykorzystywane wy\u0142\u0105cznie w celu administrowania serwisem oraz w celu zapewnienia jak najbardziej sprawnej obs\u0142ugi \u015bwiadczonych us\u0142ug hostingowych.<br \/>2. Przegl\u0105dane zasoby identyfikowane s\u0105 poprzez adresy URL. Ponadto zapisowi mog\u0105 podlega\u0107:<br \/>a. czas nadej\u015bcia zapytania,<br \/>b. czas wys\u0142ania odpowiedzi,<br \/>c. nazw\u0119 stacji klienta \u2013 identyfikacja realizowana przez protok\u00f3\u0142 HTTP,<br \/>d. informacje o b\u0142\u0119dach jakie nast\u0105pi\u0142y przy realizacji transakcji HTTP,<br \/>e. adres URL strony poprzednio odwiedzanej przez u\u017cytkownika (referer link) \u2013 w przypadku gdy przej\u015bcie do Serwisu nast\u0105pi\u0142o przez odno\u015bnik,<br \/>f. informacje o przegl\u0105darce u\u017cytkownika,<br \/>g. Informacje o adresie IP.<br \/>3. Dane powy\u017csze nie s\u0105 kojarzone z konkretnymi osobami przegl\u0105daj\u0105cymi strony.<br \/>4. Dane powy\u017csze s\u0105 wykorzystywane jedynie dla cel\u00f3w administrowania serwerem.<br \/><br \/><b>V. Udost\u0119pnienie danych.<br \/><\/b>1. Dane podlegaj\u0105 udost\u0119pnieniu podmiotom zewn\u0119trznym wy\u0142\u0105cznie w granicach prawnie dozwolonych.<br \/>2. Dane umo\u017cliwiaj\u0105ce identyfikacj\u0119 osoby fizycznej s\u0105 udost\u0119pniane wy\u0142\u0105czenie za zgod\u0105 tej osoby.<br \/>3. Operator mo\u017ce mie\u0107 obowi\u0105zek udzielania informacji zebranych przez Serwis upowa\u017cnionym organom na podstawie zgodnych z prawem \u017c\u0105da\u0144 w zakresie wynikaj\u0105cym z \u017c\u0105dania.<\/p>\t\t\t\t\t\t<\/div>\n\t\t\t\t<\/div>\n\t\t\t\t\t<\/div>\n\t\t\t\t<\/div>\n\t\t\t\t<\/div>\n\t\t","protected":false},"excerpt":{"rendered":"<p>I. Informacje og\u00f3lne1. Serwis sprzedaj-auto.com.pl realizuje funkcje pozyskiwania informacji o u\u017cytkownikach i ich zachowaniu w nast\u0119puj\u0105cy spos\u00f3b:a. Poprzez dobrowolnie wprowadzone w formularzach informacje.b. Poprzez zapisywanie w urz\u0105dzeniach ko\u0144cowych pliki cookie (tzw. \u201eciasteczka\u201d).c. Poprzez gromadzenie log\u00f3w serwera www przez operatora hostingowego II. Informacje w formularzach.1. Serwis zbiera informacje podane dobrowolnie przez u\u017cytkownika.2. Serwis mo\u017ce zapisa\u0107 ponadto [&hellip;]<\/p>\n","protected":false},"author":1,"featured_media":0,"parent":0,"menu_order":0,"comment_status":"closed","ping_status":"closed","template":"","meta":{"footnotes":""},"class_list":["post-304","page","type-page","status-publish","hentry","entry"],"yoast_head":"<!-- This site is optimized with the Yoast SEO plugin v22.9 - https:\/\/yoast.com\/wordpress\/plugins\/seo\/ -->\n<title>Polityka prywatno\u015bci - Skup Aut<\/title>\n<meta name=\"robots\" content=\"index, follow, max-snippet:-1, max-image-preview:large, max-video-preview:-1\" \/>\n<link rel=\"canonical\" href=\"https:\/\/sprzedaj-auto.com.pl\/?page_id=304\" \/>\n<meta property=\"og:locale\" content=\"en_US\" \/>\n<meta property=\"og:type\" content=\"article\" \/>\n<meta property=\"og:title\" content=\"Polityka prywatno\u015bci - Skup Aut\" \/>\n<meta property=\"og:description\" content=\"I. Informacje og\u00f3lne1. Serwis sprzedaj-auto.com.pl realizuje funkcje pozyskiwania informacji o u\u017cytkownikach i ich zachowaniu w nast\u0119puj\u0105cy spos\u00f3b:a. Poprzez dobrowolnie wprowadzone w formularzach informacje.b. Poprzez zapisywanie w urz\u0105dzeniach ko\u0144cowych pliki cookie (tzw. \u201eciasteczka\u201d).c. Poprzez gromadzenie log\u00f3w serwera www przez operatora hostingowego II. Informacje w formularzach.1. Serwis zbiera informacje podane dobrowolnie przez u\u017cytkownika.2. Serwis mo\u017ce zapisa\u0107 ponadto [&hellip;]\" \/>\n<meta property=\"og:url\" content=\"https:\/\/sprzedaj-auto.com.pl\/?page_id=304\" \/>\n<meta property=\"og:site_name\" content=\"Skup Aut\" \/>\n<meta property=\"article:modified_time\" content=\"2024-09-15T22:01:21+00:00\" \/>\n<meta name=\"twitter:card\" content=\"summary_large_image\" \/>\n<meta name=\"twitter:label1\" content=\"Est. reading time\" \/>\n\t<meta name=\"twitter:data1\" content=\"4 minutes\" \/>\n<script type=\"application\/ld+json\" class=\"yoast-schema-graph\">{\"@context\":\"https:\/\/schema.org\",\"@graph\":[{\"@type\":\"WebPage\",\"@id\":\"https:\/\/sprzedaj-auto.com.pl\/?page_id=304\",\"url\":\"https:\/\/sprzedaj-auto.com.pl\/?page_id=304\",\"name\":\"Polityka prywatno\u015bci - Skup Aut\",\"isPartOf\":{\"@id\":\"https:\/\/sprzedaj-auto.com.pl\/#website\"},\"datePublished\":\"2024-09-15T21:54:51+00:00\",\"dateModified\":\"2024-09-15T22:01:21+00:00\",\"breadcrumb\":{\"@id\":\"https:\/\/sprzedaj-auto.com.pl\/?page_id=304#breadcrumb\"},\"inLanguage\":\"en-US\",\"potentialAction\":[{\"@type\":\"ReadAction\",\"target\":[\"https:\/\/sprzedaj-auto.com.pl\/?page_id=304\"]}]},{\"@type\":\"BreadcrumbList\",\"@id\":\"https:\/\/sprzedaj-auto.com.pl\/?page_id=304#breadcrumb\",\"itemListElement\":[{\"@type\":\"ListItem\",\"position\":1,\"name\":\"Home\",\"item\":\"https:\/\/sprzedaj-auto.com.pl\/\"},{\"@type\":\"ListItem\",\"position\":2,\"name\":\"Polityka prywatno\u015bci\"}]},{\"@type\":\"WebSite\",\"@id\":\"https:\/\/sprzedaj-auto.com.pl\/#website\",\"url\":\"https:\/\/sprzedaj-auto.com.pl\/\",\"name\":\"Skup Aut\",\"description\":\"\",\"publisher\":{\"@id\":\"https:\/\/sprzedaj-auto.com.pl\/#organization\"},\"potentialAction\":[{\"@type\":\"SearchAction\",\"target\":{\"@type\":\"EntryPoint\",\"urlTemplate\":\"https:\/\/sprzedaj-auto.com.pl\/?s={search_term_string}\"},\"query-input\":\"required name=search_term_string\"}],\"inLanguage\":\"en-US\"},{\"@type\":\"Organization\",\"@id\":\"https:\/\/sprzedaj-auto.com.pl\/#organization\",\"name\":\"Skup Aut\",\"url\":\"https:\/\/sprzedaj-auto.com.pl\/\",\"logo\":{\"@type\":\"ImageObject\",\"inLanguage\":\"en-US\",\"@id\":\"https:\/\/sprzedaj-auto.com.pl\/#\/schema\/logo\/image\/\",\"url\":\"https:\/\/sprzedaj-auto.com.pl\/wp-content\/uploads\/2024\/07\/IMG_5375-Photoroom.png\",\"contentUrl\":\"https:\/\/sprzedaj-auto.com.pl\/wp-content\/uploads\/2024\/07\/IMG_5375-Photoroom.png\",\"width\":1200,\"height\":350,\"caption\":\"Skup Aut\"},\"image\":{\"@id\":\"https:\/\/sprzedaj-auto.com.pl\/#\/schema\/logo\/image\/\"}}]}<\/script>\n<!-- \/ Yoast SEO plugin. -->","yoast_head_json":{"title":"Polityka prywatno\u015bci - Skup Aut","robots":{"index":"index","follow":"follow","max-snippet":"max-snippet:-1","max-image-preview":"max-image-preview:large","max-video-preview":"max-video-preview:-1"},"canonical":"https:\/\/sprzedaj-auto.com.pl\/?page_id=304","og_locale":"en_US","og_type":"article","og_title":"Polityka prywatno\u015bci - Skup Aut","og_description":"I. Informacje og\u00f3lne1. Serwis sprzedaj-auto.com.pl realizuje funkcje pozyskiwania informacji o u\u017cytkownikach i ich zachowaniu w nast\u0119puj\u0105cy spos\u00f3b:a. Poprzez dobrowolnie wprowadzone w formularzach informacje.b. Poprzez zapisywanie w urz\u0105dzeniach ko\u0144cowych pliki cookie (tzw. \u201eciasteczka\u201d).c. Poprzez gromadzenie log\u00f3w serwera www przez operatora hostingowego II. Informacje w formularzach.1. Serwis zbiera informacje podane dobrowolnie przez u\u017cytkownika.2. Serwis mo\u017ce zapisa\u0107 ponadto [&hellip;]","og_url":"https:\/\/sprzedaj-auto.com.pl\/?page_id=304","og_site_name":"Skup Aut","article_modified_time":"2024-09-15T22:01:21+00:00","twitter_card":"summary_large_image","twitter_misc":{"Est. reading time":"4 minutes"},"schema":{"@context":"https:\/\/schema.org","@graph":[{"@type":"WebPage","@id":"https:\/\/sprzedaj-auto.com.pl\/?page_id=304","url":"https:\/\/sprzedaj-auto.com.pl\/?page_id=304","name":"Polityka prywatno\u015bci - Skup Aut","isPartOf":{"@id":"https:\/\/sprzedaj-auto.com.pl\/#website"},"datePublished":"2024-09-15T21:54:51+00:00","dateModified":"2024-09-15T22:01:21+00:00","breadcrumb":{"@id":"https:\/\/sprzedaj-auto.com.pl\/?page_id=304#breadcrumb"},"inLanguage":"en-US","potentialAction":[{"@type":"ReadAction","target":["https:\/\/sprzedaj-auto.com.pl\/?page_id=304"]}]},{"@type":"BreadcrumbList","@id":"https:\/\/sprzedaj-auto.com.pl\/?page_id=304#breadcrumb","itemListElement":[{"@type":"ListItem","position":1,"name":"Home","item":"https:\/\/sprzedaj-auto.com.pl\/"},{"@type":"ListItem","position":2,"name":"Polityka prywatno\u015bci"}]},{"@type":"WebSite","@id":"https:\/\/sprzedaj-auto.com.pl\/#website","url":"https:\/\/sprzedaj-auto.com.pl\/","name":"Skup Aut","description":"","publisher":{"@id":"https:\/\/sprzedaj-auto.com.pl\/#organization"},"potentialAction":[{"@type":"SearchAction","target":{"@type":"EntryPoint","urlTemplate":"https:\/\/sprzedaj-auto.com.pl\/?s={search_term_string}"},"query-input":"required name=search_term_string"}],"inLanguage":"en-US"},{"@type":"Organization","@id":"https:\/\/sprzedaj-auto.com.pl\/#organization","name":"Skup Aut","url":"https:\/\/sprzedaj-auto.com.pl\/","logo":{"@type":"ImageObject","inLanguage":"en-US","@id":"https:\/\/sprzedaj-auto.com.pl\/#\/schema\/logo\/image\/","url":"https:\/\/sprzedaj-auto.com.pl\/wp-content\/uploads\/2024\/07\/IMG_5375-Photoroom.png","contentUrl":"https:\/\/sprzedaj-auto.com.pl\/wp-content\/uploads\/2024\/07\/IMG_5375-Photoroom.png","width":1200,"height":350,"caption":"Skup Aut"},"image":{"@id":"https:\/\/sprzedaj-auto.com.pl\/#\/schema\/logo\/image\/"}}]}},"_links":{"self":[{"href":"https:\/\/sprzedaj-auto.com.pl\/index.php?rest_route=\/wp\/v2\/pages\/304","targetHints":{"allow":["GET"]}}],"collection":[{"href":"https:\/\/sprzedaj-auto.com.pl\/index.php?rest_route=\/wp\/v2\/pages"}],"about":[{"href":"https:\/\/sprzedaj-auto.com.pl\/index.php?rest_route=\/wp\/v2\/types\/page"}],"author":[{"embeddable":true,"href":"https:\/\/sprzedaj-auto.com.pl\/index.php?rest_route=\/wp\/v2\/users\/1"}],"replies":[{"embeddable":true,"href":"https:\/\/sprzedaj-auto.com.pl\/index.php?rest_route=%2Fwp%2Fv2%2Fcomments&post=304"}],"version-history":[{"count":4,"href":"https:\/\/sprzedaj-auto.com.pl\/index.php?rest_route=\/wp\/v2\/pages\/304\/revisions"}],"predecessor-version":[{"id":309,"href":"https:\/\/sprzedaj-auto.com.pl\/index.php?rest_route=\/wp\/v2\/pages\/304\/revisions\/309"}],"wp:attachment":[{"href":"https:\/\/sprzedaj-auto.com.pl\/index.php?rest_route=%2Fwp%2Fv2%2Fmedia&parent=304"}],"curies":[{"name":"wp","href":"https:\/\/api.w.org\/{rel}","templated":true}]}}