{"id":357,"date":"2024-11-15T11:08:27","date_gmt":"2024-11-15T10:08:27","guid":{"rendered":"https:\/\/sprzedaj-auto.com.pl\/?page_id=357"},"modified":"2024-11-15T11:09:10","modified_gmt":"2024-11-15T10:09:10","slug":"regulamin-serwisu","status":"publish","type":"page","link":"https:\/\/sprzedaj-auto.com.pl\/?page_id=357","title":{"rendered":"Regulamin Serwisu"},"content":{"rendered":"\t\t<div data-elementor-type=\"wp-page\" data-elementor-id=\"357\" class=\"elementor elementor-357\" data-elementor-post-type=\"page\">\n\t\t\t\t<div class=\"elementor-element elementor-element-65c76d0 e-flex e-con-boxed e-con e-parent\" data-id=\"65c76d0\" data-element_type=\"container\" data-settings=\"{&quot;_ha_eqh_enable&quot;:false}\">\n\t\t\t\t\t<div class=\"e-con-inner\">\n\t\t\t\t<div class=\"elementor-element elementor-element-1848896 elementor-widget elementor-widget-text-editor\" data-id=\"1848896\" data-element_type=\"widget\" data-widget_type=\"text-editor.default\">\n\t\t\t\t<div class=\"elementor-widget-container\">\n\t\t\t<style>\/*! elementor - v3.22.0 - 26-06-2024 *\/\n.elementor-widget-text-editor.elementor-drop-cap-view-stacked .elementor-drop-cap{background-color:#69727d;color:#fff}.elementor-widget-text-editor.elementor-drop-cap-view-framed .elementor-drop-cap{color:#69727d;border:3px solid;background-color:transparent}.elementor-widget-text-editor:not(.elementor-drop-cap-view-default) .elementor-drop-cap{margin-top:8px}.elementor-widget-text-editor:not(.elementor-drop-cap-view-default) .elementor-drop-cap-letter{width:1em;height:1em}.elementor-widget-text-editor .elementor-drop-cap{float:left;text-align:center;line-height:1;font-size:50px}.elementor-widget-text-editor .elementor-drop-cap-letter{display:inline-block}<\/style>\t\t\t\t<h3 class=\"title-h3 mb-30 wp-block-heading\">REGULAMIN SERWISU<br \/>https:\/\/sprzedaj-auto.com.pl\/<\/h3><p>\u00a0<\/p><p><strong>1. POSTANOWIENIA OG\u00d3LNE<\/strong><\/p><p><strong>2. US\u0141UGI ELEKTRONICZNE<\/strong><\/p><p><strong>3. POSTANOWIENIA KO\u0143COWE<\/strong><\/p><p>\u00a0<\/p><p><strong>1. POSTANOWIENIA OG\u00d3LNE<\/strong><\/p><p><strong>1.1.<\/strong>\u00a0Niniejszy Regulamin skierowany jest zar\u00f3wno do konsument\u00f3w, jak i do przedsi\u0119biorc\u00f3w korzystaj\u0105cych z Serwisu Internetowego. Postanowienia niniejszego Regulaminu nie maj\u0105 na celu wy\u0142\u0105cza\u0107 ani ogranicza\u0107 jakichkolwiek praw konsument\u00f3w przys\u0142uguj\u0105cych im na mocy bezwzgl\u0119dnie wi\u0105\u017c\u0105cych przepis\u00f3w prawa \u2013 wszelkie ewentualne w\u0105tpliwo\u015bci t\u0142umaczy si\u0119 na korzy\u015b\u0107 konsumenta. W przypadku niezgodno\u015bci postanowie\u0144 niniejszego Regulaminu z powy\u017cszymi przepisami, pierwsze\u0144stwo maj\u0105 te przepisy.<\/p><p><strong>1.2.<\/strong>\u00a0Administratorem danych osobowych przetwarzanych w zwi\u0105zku z realizacj\u0105 postanowie\u0144 niniejszego Regulaminu jest Us\u0142ugodawca (dalej te\u017c \u201eAdministrator\u201d). Dane osobowe przetwarzane s\u0105 w celach, w zakresie i w oparciu o zasady wskazane w Polityce Prywatno\u015bci oraz w Rozdziale 6 Regulaminu.<\/p><p><strong>1.3.<\/strong>\u00a0Definicje:<\/p><p><strong>1.3.1.<\/strong>\u00a0FORMULARZ KONTAKTU \u2013 formularz dost\u0119pny w Serwisie Internetowym umo\u017cliwiaj\u0105cy nawi\u0105zanie kontaktu z Us\u0142ugobiorc\u0105.<\/p><p><strong>1.3.2.<\/strong>\u00a0KLIENT \u2013 osoba fizyczna posiadaj\u0105ca pe\u0142n\u0105 zdolno\u015b\u0107 do czynno\u015bci prawnych, a w wypadkach przewidzianych przez przepisy powszechnie obowi\u0105zuj\u0105ce tak\u017ce osoba fizyczna posiadaj\u0105ca ograniczon\u0105 zdolno\u015b\u0107 do czynno\u015bci prawnych (KONSUMENT); osoba prawna albo jednostka organizacyjna nieposiadaj\u0105ca osobowo\u015bci prawnej, kt\u00f3rej ustawa przyznaje zdolno\u015b\u0107 prawn\u0105 (PRZEDSI\u0118BIORCA), kt\u00f3ra korzysta z Serwisu.<\/p><p><strong>1.3.3.<\/strong>\u00a0KODEKS CYWILNY \u2013 ustawa kodeks cywilny z dnia 23 kwietnia 1964 r. (Dz.U. 1964 Nr 16, poz. 93 z p\u00f3\u017an. zm.).<\/p><p><strong>1.3.4.<\/strong>\u00a0RODO \u2013 rozporz\u0105dzenie Parlamentu Europejskiego i Rady (UE) 2016\/679 z dnia 27 kwietnia 2016 r. w sprawie ochrony os\u00f3b fizycznych w zwi\u0105zku z przetwarzaniem danych osobowych i w sprawie swobodnego przep\u0142ywu takich danych oraz uchylenia dyrektywy 95\/46\/WE (og\u00f3lne rozporz\u0105dzenie o ochronie danych) (Dz. U. UE. L. z 2016 r. Nr 119, str. 1).<\/p><p><strong>1.3.5.<\/strong>\u00a0REGULAMIN \u2013 niniejszy regulamin Serwisu Internetowego.<\/p><p><strong>1.3.6.<\/strong>\u00a0POLITYKA OCHRONY PRYWATNO\u015aCI \u2013 dost\u0119pny w Serwisie Internetowym w zak\u0142adce \u201ePolityka Ochrony Prywatno\u015bci\u201d \u00a0dokument w postaci elektronicznej zawieraj\u0105cy szczeg\u00f3\u0142owe informacje dotycz\u0105ce zasad przetwarzania przez Us\u0142ugodawc\u0119 (dalej te\u017c \u201eAdministrator\u201d) danych osobowych i ich ochron\u0119 przez Administratora w zwi\u0105zku z prowadzonym Serwisem.<\/p><p><strong>1.3.7.<\/strong>\u00a0SERWIS INTERNETOWY \u2013 serwis dost\u0119pny pod adresem internetowym:\u00a0<strong>www.skup-samochodow-warszawa.pl<\/strong>\u00a0w prowadzony przez Us\u0142ugodawc\u0119 oferuj\u0105cego us\u0142ugi.<\/p><p><strong>1.3.8.<\/strong>\u00a0US\u0141UGA ELEKTRONICZNA \u2013 us\u0142uga obejmuj\u0105ca Formularz Kontaktu\u00a0 \u015bwiadczona drog\u0105 elektroniczn\u0105 przez Us\u0142ugodawc\u0119 na rzecz Klienta za po\u015brednictwem Serwisu Internetowego.<\/p><h2 class=\"wp-block-heading\">\u00a0<\/h2><p><strong>2. US\u0141UGI ELEKTRONICZNE<\/strong><\/p><p><strong>2.1.<\/strong>\u00a0W ramach Serwisu Internetowego mo\u017cna korzysta\u0107 z Us\u0142ug Elektronicznych.<\/p><p><strong>2.1.1.<\/strong>\u00a0Formularz Kontaktu \u2013 korzystanie z Formularza rozpoczyna si\u0119 z momentem (1) uzupe\u0142nienia danych osobowych tj. imienia, adresu e-mail, numeru telefonu oraz wpisania tre\u015bci wiadomo\u015bci (2) akceptacji ka\u017cdego z obowi\u0105zkowych o\u015bwiadcze\u0144 i wys\u0142aniu danych do Us\u0142ugobiorcy.<\/p><p><strong>2.2.<\/strong>\u00a0Korzystanie z Us\u0142ug Elektronicznych przez Us\u0142ugobiorc\u0119 jest nieodp\u0142atne.<\/p><p><strong>2.2.1.<\/strong>\u00a0Korzystanie z Formularza Kontaktu ma charakter jednorazowy i ulega zako\u0144czeniu z chwil\u0105 wys\u0142ania zg\u0142oszenia.<\/p><p><strong>2.3.<\/strong>\u00a0Wymagania techniczne niezb\u0119dne do wsp\u00f3\u0142pracy z systemem teleinformatycznym, kt\u00f3rym pos\u0142uguje si\u0119 Us\u0142ugodawca:<\/p><p><strong>2.3.1.<\/strong>\u00a0Komputer, laptop lub inne urz\u0105dzenie multimedialne z dost\u0119pem do Internetu.<\/p><p><strong>2.3.2.<\/strong>\u00a0Dost\u0119p do poczty elektronicznej.<\/p><p><strong>2.3.3.<\/strong>\u00a0Przegl\u0105darka internetowa: Mozilla Firefox w wersji 47.0 i wy\u017cszej lub Internet Explorer w wersji 8.0 i wy\u017cszej, Opera w wersji 37.0 i wy\u017cszej, Google Chrome w wersji 50.0.0 i wy\u017cszej.<\/p><p><strong>2.3.4.<\/strong>\u00a0W\u0142\u0105czenie w przegl\u0105darce internetowej mo\u017cliwo\u015bci zapisu plik\u00f3w Cookies oraz obs\u0142ugi Javascript.<\/p><p>Klient obowi\u0105zany jest do korzystania ze Serwisu Internetowego w spos\u00f3b zgodny z prawem i dobrymi obyczajami maj\u0105c na uwadze poszanowanie d\u00f3br osobistych oraz praw autorskich w\u0142asno\u015bci intelektualnej os\u00f3b trzecich.<\/p><p><strong>2.4.<\/strong>\u00a0Klient obowi\u0105zany jest do wprowadzania danych zgodnych ze stanem faktycznym.<\/p><p><strong>2.5.<\/strong>\u00a0Klientowi obowi\u0105zuje zakaz dostarczania tre\u015bci o charakterze bezprawnym.<\/p><h2 class=\"wp-block-heading\">\u00a0<\/h2><p><strong>3. POSTANOWIENIA KO\u0143COWE<\/strong><\/p><p><strong>3.1.<\/strong>\u00a0Serwis dzia\u0142a w oparciu o polskie prawo i w polskim j\u0119zyku.<\/p><p><strong>3.2.<\/strong>\u00a0Us\u0142ugodawca zastrzega sobie prawo do dokonywania zmian Regulaminu z wa\u017cnych przyczyn to jest w szczeg\u00f3lno\u015bci zmiany przepis\u00f3w prawa czy te\u017c zakresu \u015bwiadczonych us\u0142ug w ramach Serwisu;<\/p><p><strong>3.3.<\/strong>\u00a0W sprawach nieuregulowanych w niniejszym Regulaminie maj\u0105 zastosowanie przepisy: Kodeksu cywilnego (Dz.U. 1964 Nr 16, poz. 93 z p\u00f3\u017an. zm.); RODO oraz inne w\u0142a\u015bciwe przepisy prawa polskiego.<\/p><p><strong>3.4.<\/strong>\u00a0Wszelkie spory powsta\u0142e pomi\u0119dzy Us\u0142ugodawc\u0105, a Klientem b\u0119d\u0105 w pierwszej kolejno\u015bci rozwi\u0105zywane na drodze polubownej oraz post\u0119powania reklamacyjnego.<\/p><p><strong>3.5.<\/strong>\u00a0Spory powsta\u0142e pomi\u0119dzy Us\u0142ugodawc\u0105, a Klientem b\u0119d\u0105cym jednocze\u015bnie Konsumentem zostaj\u0105 poddane s\u0105dowi w\u0142a\u015bciwemu ze wzgl\u0119du na miejsce zamieszkania Konsumenta. Spory powsta\u0142e pomi\u0119dzy Us\u0142ugodawc\u0105, Klientem b\u0119d\u0105cym Przedsi\u0119biorc\u0105 zostaj\u0105 poddane s\u0105dowi w\u0142a\u015bciwemu ze wzgl\u0119du na siedzib\u0119 Us\u0142ugodawcy.<\/p><p>\u00a0<\/p>\t\t\t\t\t\t<\/div>\n\t\t\t\t<\/div>\n\t\t\t\t\t<\/div>\n\t\t\t\t<\/div>\n\t\t\t\t<\/div>\n\t\t","protected":false},"excerpt":{"rendered":"<p>REGULAMIN SERWISUhttps:\/\/sprzedaj-auto.com.pl\/ \u00a0 1. POSTANOWIENIA OG\u00d3LNE 2. US\u0141UGI ELEKTRONICZNE 3. POSTANOWIENIA KO\u0143COWE \u00a0 1. POSTANOWIENIA OG\u00d3LNE 1.1.\u00a0Niniejszy Regulamin skierowany jest zar\u00f3wno do konsument\u00f3w, jak i do przedsi\u0119biorc\u00f3w korzystaj\u0105cych z Serwisu Internetowego. Postanowienia niniejszego Regulaminu nie maj\u0105 na celu wy\u0142\u0105cza\u0107 ani ogranicza\u0107 jakichkolwiek praw konsument\u00f3w przys\u0142uguj\u0105cych im na mocy bezwzgl\u0119dnie wi\u0105\u017c\u0105cych przepis\u00f3w prawa \u2013 wszelkie ewentualne [&hellip;]<\/p>\n","protected":false},"author":1,"featured_media":0,"parent":0,"menu_order":0,"comment_status":"closed","ping_status":"closed","template":"","meta":{"footnotes":""},"class_list":["post-357","page","type-page","status-publish","hentry","entry"],"yoast_head":"<!-- This site is optimized with the Yoast SEO plugin v22.9 - https:\/\/yoast.com\/wordpress\/plugins\/seo\/ -->\n<title>Regulamin Serwisu - Skup Aut<\/title>\n<meta name=\"robots\" content=\"index, follow, max-snippet:-1, max-image-preview:large, max-video-preview:-1\" \/>\n<link rel=\"canonical\" href=\"https:\/\/sprzedaj-auto.com.pl\/?page_id=357\" \/>\n<meta property=\"og:locale\" content=\"en_US\" \/>\n<meta property=\"og:type\" content=\"article\" \/>\n<meta property=\"og:title\" content=\"Regulamin Serwisu - Skup Aut\" \/>\n<meta property=\"og:description\" content=\"REGULAMIN SERWISUhttps:\/\/sprzedaj-auto.com.pl\/ \u00a0 1. POSTANOWIENIA OG\u00d3LNE 2. US\u0141UGI ELEKTRONICZNE 3. POSTANOWIENIA KO\u0143COWE \u00a0 1. POSTANOWIENIA OG\u00d3LNE 1.1.\u00a0Niniejszy Regulamin skierowany jest zar\u00f3wno do konsument\u00f3w, jak i do przedsi\u0119biorc\u00f3w korzystaj\u0105cych z Serwisu Internetowego. Postanowienia niniejszego Regulaminu nie maj\u0105 na celu wy\u0142\u0105cza\u0107 ani ogranicza\u0107 jakichkolwiek praw konsument\u00f3w przys\u0142uguj\u0105cych im na mocy bezwzgl\u0119dnie wi\u0105\u017c\u0105cych przepis\u00f3w prawa \u2013 wszelkie ewentualne [&hellip;]\" \/>\n<meta property=\"og:url\" content=\"https:\/\/sprzedaj-auto.com.pl\/?page_id=357\" \/>\n<meta property=\"og:site_name\" content=\"Skup Aut\" \/>\n<meta property=\"article:modified_time\" content=\"2024-11-15T10:09:10+00:00\" \/>\n<meta name=\"twitter:card\" content=\"summary_large_image\" \/>\n<meta name=\"twitter:label1\" content=\"Est. reading time\" \/>\n\t<meta name=\"twitter:data1\" content=\"4 minutes\" \/>\n<script type=\"application\/ld+json\" class=\"yoast-schema-graph\">{\"@context\":\"https:\/\/schema.org\",\"@graph\":[{\"@type\":\"WebPage\",\"@id\":\"https:\/\/sprzedaj-auto.com.pl\/?page_id=357\",\"url\":\"https:\/\/sprzedaj-auto.com.pl\/?page_id=357\",\"name\":\"Regulamin Serwisu - Skup Aut\",\"isPartOf\":{\"@id\":\"https:\/\/sprzedaj-auto.com.pl\/#website\"},\"datePublished\":\"2024-11-15T10:08:27+00:00\",\"dateModified\":\"2024-11-15T10:09:10+00:00\",\"breadcrumb\":{\"@id\":\"https:\/\/sprzedaj-auto.com.pl\/?page_id=357#breadcrumb\"},\"inLanguage\":\"en-US\",\"potentialAction\":[{\"@type\":\"ReadAction\",\"target\":[\"https:\/\/sprzedaj-auto.com.pl\/?page_id=357\"]}]},{\"@type\":\"BreadcrumbList\",\"@id\":\"https:\/\/sprzedaj-auto.com.pl\/?page_id=357#breadcrumb\",\"itemListElement\":[{\"@type\":\"ListItem\",\"position\":1,\"name\":\"Home\",\"item\":\"https:\/\/sprzedaj-auto.com.pl\/\"},{\"@type\":\"ListItem\",\"position\":2,\"name\":\"Regulamin Serwisu\"}]},{\"@type\":\"WebSite\",\"@id\":\"https:\/\/sprzedaj-auto.com.pl\/#website\",\"url\":\"https:\/\/sprzedaj-auto.com.pl\/\",\"name\":\"Skup Aut\",\"description\":\"\",\"publisher\":{\"@id\":\"https:\/\/sprzedaj-auto.com.pl\/#organization\"},\"potentialAction\":[{\"@type\":\"SearchAction\",\"target\":{\"@type\":\"EntryPoint\",\"urlTemplate\":\"https:\/\/sprzedaj-auto.com.pl\/?s={search_term_string}\"},\"query-input\":\"required name=search_term_string\"}],\"inLanguage\":\"en-US\"},{\"@type\":\"Organization\",\"@id\":\"https:\/\/sprzedaj-auto.com.pl\/#organization\",\"name\":\"Skup Aut\",\"url\":\"https:\/\/sprzedaj-auto.com.pl\/\",\"logo\":{\"@type\":\"ImageObject\",\"inLanguage\":\"en-US\",\"@id\":\"https:\/\/sprzedaj-auto.com.pl\/#\/schema\/logo\/image\/\",\"url\":\"https:\/\/sprzedaj-auto.com.pl\/wp-content\/uploads\/2024\/07\/IMG_5375-Photoroom.png\",\"contentUrl\":\"https:\/\/sprzedaj-auto.com.pl\/wp-content\/uploads\/2024\/07\/IMG_5375-Photoroom.png\",\"width\":1200,\"height\":350,\"caption\":\"Skup Aut\"},\"image\":{\"@id\":\"https:\/\/sprzedaj-auto.com.pl\/#\/schema\/logo\/image\/\"}}]}<\/script>\n<!-- \/ Yoast SEO plugin. -->","yoast_head_json":{"title":"Regulamin Serwisu - Skup Aut","robots":{"index":"index","follow":"follow","max-snippet":"max-snippet:-1","max-image-preview":"max-image-preview:large","max-video-preview":"max-video-preview:-1"},"canonical":"https:\/\/sprzedaj-auto.com.pl\/?page_id=357","og_locale":"en_US","og_type":"article","og_title":"Regulamin Serwisu - Skup Aut","og_description":"REGULAMIN SERWISUhttps:\/\/sprzedaj-auto.com.pl\/ \u00a0 1. POSTANOWIENIA OG\u00d3LNE 2. US\u0141UGI ELEKTRONICZNE 3. POSTANOWIENIA KO\u0143COWE \u00a0 1. POSTANOWIENIA OG\u00d3LNE 1.1.\u00a0Niniejszy Regulamin skierowany jest zar\u00f3wno do konsument\u00f3w, jak i do przedsi\u0119biorc\u00f3w korzystaj\u0105cych z Serwisu Internetowego. Postanowienia niniejszego Regulaminu nie maj\u0105 na celu wy\u0142\u0105cza\u0107 ani ogranicza\u0107 jakichkolwiek praw konsument\u00f3w przys\u0142uguj\u0105cych im na mocy bezwzgl\u0119dnie wi\u0105\u017c\u0105cych przepis\u00f3w prawa \u2013 wszelkie ewentualne [&hellip;]","og_url":"https:\/\/sprzedaj-auto.com.pl\/?page_id=357","og_site_name":"Skup Aut","article_modified_time":"2024-11-15T10:09:10+00:00","twitter_card":"summary_large_image","twitter_misc":{"Est. reading time":"4 minutes"},"schema":{"@context":"https:\/\/schema.org","@graph":[{"@type":"WebPage","@id":"https:\/\/sprzedaj-auto.com.pl\/?page_id=357","url":"https:\/\/sprzedaj-auto.com.pl\/?page_id=357","name":"Regulamin Serwisu - Skup Aut","isPartOf":{"@id":"https:\/\/sprzedaj-auto.com.pl\/#website"},"datePublished":"2024-11-15T10:08:27+00:00","dateModified":"2024-11-15T10:09:10+00:00","breadcrumb":{"@id":"https:\/\/sprzedaj-auto.com.pl\/?page_id=357#breadcrumb"},"inLanguage":"en-US","potentialAction":[{"@type":"ReadAction","target":["https:\/\/sprzedaj-auto.com.pl\/?page_id=357"]}]},{"@type":"BreadcrumbList","@id":"https:\/\/sprzedaj-auto.com.pl\/?page_id=357#breadcrumb","itemListElement":[{"@type":"ListItem","position":1,"name":"Home","item":"https:\/\/sprzedaj-auto.com.pl\/"},{"@type":"ListItem","position":2,"name":"Regulamin Serwisu"}]},{"@type":"WebSite","@id":"https:\/\/sprzedaj-auto.com.pl\/#website","url":"https:\/\/sprzedaj-auto.com.pl\/","name":"Skup Aut","description":"","publisher":{"@id":"https:\/\/sprzedaj-auto.com.pl\/#organization"},"potentialAction":[{"@type":"SearchAction","target":{"@type":"EntryPoint","urlTemplate":"https:\/\/sprzedaj-auto.com.pl\/?s={search_term_string}"},"query-input":"required name=search_term_string"}],"inLanguage":"en-US"},{"@type":"Organization","@id":"https:\/\/sprzedaj-auto.com.pl\/#organization","name":"Skup Aut","url":"https:\/\/sprzedaj-auto.com.pl\/","logo":{"@type":"ImageObject","inLanguage":"en-US","@id":"https:\/\/sprzedaj-auto.com.pl\/#\/schema\/logo\/image\/","url":"https:\/\/sprzedaj-auto.com.pl\/wp-content\/uploads\/2024\/07\/IMG_5375-Photoroom.png","contentUrl":"https:\/\/sprzedaj-auto.com.pl\/wp-content\/uploads\/2024\/07\/IMG_5375-Photoroom.png","width":1200,"height":350,"caption":"Skup Aut"},"image":{"@id":"https:\/\/sprzedaj-auto.com.pl\/#\/schema\/logo\/image\/"}}]}},"_links":{"self":[{"href":"https:\/\/sprzedaj-auto.com.pl\/index.php?rest_route=\/wp\/v2\/pages\/357","targetHints":{"allow":["GET"]}}],"collection":[{"href":"https:\/\/sprzedaj-auto.com.pl\/index.php?rest_route=\/wp\/v2\/pages"}],"about":[{"href":"https:\/\/sprzedaj-auto.com.pl\/index.php?rest_route=\/wp\/v2\/types\/page"}],"author":[{"embeddable":true,"href":"https:\/\/sprzedaj-auto.com.pl\/index.php?rest_route=\/wp\/v2\/users\/1"}],"replies":[{"embeddable":true,"href":"https:\/\/sprzedaj-auto.com.pl\/index.php?rest_route=%2Fwp%2Fv2%2Fcomments&post=357"}],"version-history":[{"count":4,"href":"https:\/\/sprzedaj-auto.com.pl\/index.php?rest_route=\/wp\/v2\/pages\/357\/revisions"}],"predecessor-version":[{"id":361,"href":"https:\/\/sprzedaj-auto.com.pl\/index.php?rest_route=\/wp\/v2\/pages\/357\/revisions\/361"}],"wp:attachment":[{"href":"https:\/\/sprzedaj-auto.com.pl\/index.php?rest_route=%2Fwp%2Fv2%2Fmedia&parent=357"}],"curies":[{"name":"wp","href":"https:\/\/api.w.org\/{rel}","templated":true}]}}